0) + (1 - 0)?
3
Evaluate 0 - (7 + -6 - -6).
-7
Calculate (-19 + 6 - -1) + 6 - -6.
0
Calculate -5 - 0 - (-16 + 13).
-2
What is -3 - -6 - (1 - 1)?
3
Evaluate 1 - 4 - -7 - (5 - 6).
5
2 - 5 - (0 + -4)
1
Evaluate -19 - (-8 + -3) - -10.
2
Evaluate 13 + (-7 - -3) - 1.
8
Evaluate 18 + -4 + (-8 - -2).
8
What is (-1 - -1 - (-2 + 6)) + 8?
4
Calculate 1 + -2 - (-5 - -1).
3
What is the value of -3 + 2 + 2 + -6 - -3?
-2
What is the value of 3 + -1 + (81 - 88)?
-5
What is the value of (-3 - -2) + 9 + -4?
4
What is the value of -3 - -2 - (-9 + 9 + 5)?
-6
-3 - (11 - 12) - (-1 + 1)
-2
Evaluate (-45 - -40) + (-1 - -6).
0
5 + 0 - (-7 - -11 - 7)
8
(-1 - 1) + (18 - 14)
2
(8 - (-2 + 6)) + -3
1
Evaluate -2 - (-5 + -3 + 6).
0
6 - (-2 + (5 - 3) + 12)
-6
(-7 - -1 - 5) + 10
-1
What is -5 + (2 - (1 - (-5 + 6)))?
-3
What is the value of 1 + 9 - (92 - 86)?
4
What is 2 - 6 - (-2 + 2)?
-4
Evaluate 25 + 5 + -14 - 6.
10
Calculate 5 - (1 + (6 - 3)).
1
1 + 1 + (1 - (-2 + 1))
4
Evaluate -5 + (-2 - -8) - -5.
6
What is the value of 18 + -13 - (7 + -2)?
0
What is -12 - (-6 - (-5 - -13))?
2
What is the value of (0 - -3) + 3 + -2?
4
What is 4 + -8 + 2 + 0?
-2
Evaluate (6 - 5 - -7 - 3) + 1.
6
What is the value of -3 + 1 + (2 - 14) + 9?
-5
1 + -4 + 19 + -23 + -1
-8
What is 0 + -1 - (6 + -13) - 1?
5
What is -5 - (-2 + 0) - -7?
4
What is (1 - 1) + -3 - (17 - 20)?
0
Calculate (-5 - (3 - 2)) + 5.
-1
What is (-8 - (-16 - -2)) + (0 - 0)?
6
Evaluate -29 + 10 - -4 - -7.
-8
Calculate (32 - 38) + (6 - -3).
3
3 - 3 - (-6 - -10)
-4
What is the value of 51 + -54 + -4 + 1 + 1?
-5
Evaluate (4 - 0) + 4 + -1 + -2.
5
1 + (0 - (4 + 1 + -2))
-2
Evaluate (6 - 15) + 25 + -15.
1
-2 - (3 + -5) - 1
-1
What is (-2 - -5) + -6 + 0 + -1?
-4
What is the value of 2 - 7 - ((2 - -4) + -5)?
-6
Evaluate (-8 - -3) + (2 - 3 - -5).
-1
5 + -3 - 5 - (12 - 8)
-7
What is the value of (-5 - (-5 + 1) - -1) + 5?
5
What is 6 + 0 + -5 + -8 + 2?
-5
What is the value of -4 + 4 - (3 + -2 + -1)?
0
What is (-18 - -11) + 4 + 10?
7
Calculate -5 - (-2 + -11 + 8).
0
Evaluate -8 + 1 - -3 - (1 + -10).
5
1 - (-3 + 6) - (0 - -1)
-3
Calculate -9 + (7 - 10 - (-23 - -5)).
6
2 + (4 - (-3 + 6)) + 2
5
Evaluate 15 + -11 + -16 + 3 - -7.
-2
Evaluate (4 - -1 - (-16 + 15)) + 3.
9
What is the value of -5 + 21 - (4 - -3) - 3?
6
Evaluate -1 - 6 - (-11 + 7).
-3
1 + 0 + -1 + 5
5
What is the value of (-4 - (3 - 5)) + -5 + 6?
-1
What is the value of -6 + ((0 - -1) + 3 - 3)?
-5
What is (1 - -4) + (-7 - (1 + -1))?
-2
-5 - -2 - (-1 + -4) - -1
3
What is -16 + 14 + (2 - 2 - -2)?
0
Evaluate 3 + 4 + -3 + (7 - 12).
-1
What is -1 + (4 - 6 - (3 + -2))?
-4
Evaluate -2 + 6 - (0 - -5).
-1
Calculate 1 - (-3 - (-5 + 12)) - 6.
5
What is -4 - (3 + -4) - -3?
0
Calculate (0 - 1) + -2 + -1.
-4
Calculate -6 + 6 + (3 - 1).
2
Calculate -1 + -4 + 0 + 2.
-3
What is the value of -7 + 6 + -2 + -1?
-4
What is the value of 2 - (-1 - (-4 - 0))?
-1
What is -3 - (-3 + 3 + 0 - 1)?
-2
Evaluate -7 + (-4 - -12) + 3.
4
Calculate -4 + (8 - 13) + 8.
-1
Calculate (0 - 1) + (-32 - -36).
3
What is 214 - 226 - (0 + -2 + -2)?
-8
What is the value of -14 + -1 + 8 - -9?
2
Evaluate -13 - (-9 + -9) - (1 + 2).
2
What is -17 + 18 - (0 + -2)?
3
(4 - (-3 + -1)) + -8
0
Evaluate (-1 - 2) + 1 - (-4 + -1).
3
Evaluate -2 + (-1 - (6 + -1)).
-8
Evaluate 36 - 42 - (-2 - 2).
-2
Calculate 11 - (-1 + 0 - (81 - 87)).
6
(-3 + 2 + 3 - 4) + -5
-7
What is the value of 2 + (-2 + 0 - 2)?
-2
-2 - (-5 - (-4 - (7 + -14)))
6
Calculate 1 + -2 + 11 + -4 + -8.
-2
-2 - (7 + (1 - 5) + -15)
10
What is (2 - 0) + -6 - -2?
-2
Calculate -3 + 8 + (8 - 8).
5
What is the value of (-4 - (0 - 5)) + 5?
6
What is (-10 - -2 - -4) + 3?
-1
-2 + -1 + 2 + -2
-3
What is -1 + 6 + -10 + 10?
5
Evaluate (2 - -5) + (-4 - -2).
5
(0 - 3) + (2 - -3 - 4)
-2
Evaluate 7 + -12 + -3 + 3.
-5
Evaluate 20 + -12 + -1 + -2 - -2.
7
Calculate -3 + -12 + (16 + -12 - -4).
-7
Calculate 3 + -5 + -2 - -2.
-2
Calculate 1 + (3 - (-1 + 3)).
2
What is (-1 - 0) + (-7 - (5 - 7))?
-6
What is -8 + (7 + -4 - (-3 + 0))?
-2
What is -6 - -6 - (-16 - -9)?
7
Calculate (8 - (6 + 6)) + 12.
8
Evaluate 1 + 1 + 1 - 3.
0
-5 + 0 - (-4 + -1)
0
131 + -138 + 1 + 1 + 11
6
What is -1 + (-2 - 0) + 10 - 2?
5
6 - (0 + -6 + 6) - 1
5
What is 15 + 3 + -15 - (1 - 3)?
5
1 + (2 + 0 - 2) + -6
-5
What is -4 - 0 - (-49 - -36)?
9
2 + (3 - (3 - (-4 - -3)))
1
What is -6 - -2 - (24 + -29)?
1
Calculate -4 - (-14 + -2 - -6).
6
What is -8 + (-3 - (-9 - -1))?
-3
Evaluate -8 + (12 - (14 - 0)).
-10
What is 28 + -29 - (9 + -3)?
-7
What is the value of -2 + (5 - -1) + -2 + -2?
0
Evaluate (-4 - (4 - 5)) + (23 - 19).
1
Evaluate 4 - (0 + (10 - 4) + -5).
3
What is the value of -20 + 17 - (-4 + -2)?
3
What is the value of -2 + 2 + (-44 - -38)?
-6
Evaluate -3 - (2 - 3 - (2 - 1)).
-1
Calculate -2 - (3 - ((4 - 3) + 3)).
-1
What is the value of -9 - (-15 - 0) - (13 - 2)?
-5
Calculate (7 - (-2 + 3)) + -7 + 6.
5
What is the value of (1 - 0) + (-3 - (1 - -2))?
-5
What is the value of (-8 - ((3 - 5) + -11)) + 1?
6
What is the value of -2 - -9 - 2 - (21 + -22)?
6
What is the value of (1 - -2) + 3 + 1 + -7?
0
(-7 - 0) + -3 + 7
-3
3 - ((-7 + 3 - -3) + 10)
-6
Calculate -3 + ((4 - 2) + -5 - -6).
0
1 - -1 - (-6 + (5 - -1))
2
What is (-3 - (-4 + 1)) + -4?
-4
What is (23 - 24) + 5 + (-2 - 0)?
2
-6 + (-11 - -16 - (1 - -1))
-3
Calculate 2 - (5 - (-3 + 1)).
-5
-3 + 3 - (-11 - (-19 + -2))
-10
2 + 8 + -1 + -1
8
What is 1 + (0 + 0 + 1 - 0)?
2
3 + (3 - 2) - 2
2
-1 + 1 - 10 - (79 + -82)
-7
Calculate -2 + (2 - -2) + 0.
2
Evaluate 6 + (-9 - (-15 - -5)).
7
Evaluate 0 - -6 - (-12 + 14 - -7).
-3
Calculate 11 - 10 - -3 - (5 + -1).
0
Calculate -4 - (6 + -2 - 7).
-1
What is 7 + (-2 - -7) + -1 + -4?
7
What is the value of -1 - (5 - 4) - 3?
-5
What is 15 + -8 + (5 - 1) - 7?
4
(2 - -2 - 6) + -2
-4
Evaluate 8 + -5 - -2 - 0.
5
What is (-1 - -9) + -8 - 2?
-2
What is -4 - (-6 - 3) - 7?
-2
Evaluate -4 + 7 + -3 + -1.
-1
4 + (3 - 3 - 5) + 5
4
What is 9 - (1 - (-8 + 0))?
0
Evaluate 1 + -2 + 8 - 1 - 8.
-2
Calculate (2 + 3 - 0) + -11 + 0.
-6
What is 3 + (1 - 5) + 5?
4
What is the value of 1 + -4 + 4 + -2 + -5?
-6
Calculate -3 + ((-5 - -6) + 0 - 1).
-3
Calculate 11 + -1 - (102 + -90).
-2
Calculate (4 + -2 - 2) + 3 - -1.
4
What is 4 - (1 + (5 - 5))?
3
38 - 48 - (1 + -5 + -1)
-5
-1 - ((1 - -3) + -6)
1
Evaluate (-1 - -4) + -14 + -1 + 13.
1
What is -1 - (-12 + -2 - -3)?
10
Evaluate (2 + -9 - -10) + 0 + -11.
-8
Evaluate -3 + 8 + (0 - 3).
2
What is the value of -1 + 4 + 4 + -5?
2
What is the value of 3 + (3 - 16) + 5?
-5
What is the value of -19 - -5 - (16 + -37)?
7
(1 - (8 - 2)) + 1
-4
What is 8 + 1 + -4 + -4 + 5?
6
6 - (11 + 0 + -5)
0
What is 2 + 0 + -7 + 0?
-5
Evaluate (0 - (3 - -2)) + 10.
5
Evaluate 2 - 8 - (-14 - (-8 - -5)).
5
What is 1 + -6 - (6 + -8 + -2)?
-1
What is (-32 - -10) + 25 + 6 + -1?
8
Evaluate -2 + 2 - (-12 - -8) - 3.
1
What is (-10 - (-9 - -3)) + 10?
6
Calculate 18 - 12 - (3 + 0).
3
What is the value of -11 + 13 + -7 + 2?
-3
What is the value of 2 - ((4 - 1) + 15 + -21)?
5
Evaluate -10 - (10 + -5 + -12).
-3
2 + -3 + -1 - (-5 - -2)
1
What is the value of 5 - (-5 + 3) - (-1 - -5)?
3
What is -1 - (-2 - -2) - 2?
-3
Calculate 19 + -12 + (-3 - 0).
4
11 + -20 + (7 - 4)
-6
What is 4 + -7 + 0 - (2 - 4)?
-1
Evaluate 1 - (-2 - (-4 + 2)) - 1.
0
What is the value of 0 - (-5 - (2 - 4))?
3
What is the value of (7 - (1 + -4 + 5)) + -2?
3
What is (-2 + -19 - -11) + 10?
0
-5 - (-9 + 9 + -2)
-3
-1 - 6 - (-10 - (-5 - -4))
2
What is -2 + (9 - (1 - -1))?
5
-3 + (-3 - -4) - -2
0
0 + 1 - (21 - 17)
-3
Calculate 4 - (-1 + (6 - -4)).
-5
Evaluate 4 + -6 - (3 - (8 - 3)).
0
Calculate (-6 - -8) + 3 + -6.
-1
What is -4 + 4 + (-1 - (-1 - 1))?
1
What is (-3 - (-9 - 6)) + -8?
4
What is the value of -58 + 59 + 1 + -2?
0
9 + (-5 + -7 - 1)
-4
What is -5 + 8 + -2 + 0?
1
What is the value of -4 + 1 + 0 - (-2 - 1)?
0
What is the value of -1 + 3 + 4 - 5?
1
What is the value of -10 + (-3 + 4 - -4)?
-5
What is 7 + -3 + (4 - 3)?
5
Evaluate -41 - -36 - (-2 - 1).
-2
Evaluate 0 + 6 + 0 - (391 + -389).
4
Calculate 3 + -3 - (4 - 1 - 7).
4
What is 0 - -7 - (8 - 1 - 3)?
3
What is the value of -11 + (-14 - -6 - -27)?
8
Calculate (-12 - (-9 - -5)) + 18.
10
Calculate -2 + -2 + 1 + -5 + 8.
0
-87 + 94 + -1 + 0
6
4 + -13 - (-6 - 5)
2
Evaluate (1 - -2) + 2 + -7 + 2.
0
Evaluate ((4 - -8) + -8 - 5) + 7.
6
What is (10 + -4 - 